{"id":269,"date":"2026-03-17T15:47:12","date_gmt":"2026-03-17T18:47:12","guid":{"rendered":"https:\/\/daext.gp.utfpr.edu.br\/?page_id=269"},"modified":"2026-04-16T15:42:32","modified_gmt":"2026-04-16T18:42:32","slug":"matematica_","status":"publish","type":"page","link":"https:\/\/daext.gp.utfpr.edu.br\/?page_id=269","title":{"rendered":"Matem\u00e1tica"},"content":{"rendered":"<div class=\"tpgb-empty-space tpgb-block-dbd0_269 \"><\/div>\n\n<div class=\"tp-breadcrumbs tpgb-block-44b2_269 \"><div class=\"pt_plus_breadcrumbs_bar \"><div class=\"pt_plus_breadcrumbs_bar_inner bred_style_1\" style=\"width:100%\"><nav id=\"breadcrumbs\"><span class=\"bc_home\"><a class=\"home_bread_tab\" href=\"https:\/\/daext.gp.utfpr.edu.br\/\"  ><i class=\" fas fa-home bread-home-icon\"><\/i>Home<i class=\" fas fa-angle-right bread-sep-icon\" ><\/i><\/a><\/span> <span class=\"del\"><\/span> <span class=\"current\"><div class=\"current_tab_sec\">P\u00e1gina<\/div><\/span><\/nav><\/div><\/div><\/div>\n\n<div  class=\"tpgb-container-row tpgb-block-3776_269    alignfull  tpgb-container-inline  tpgb-container-full \" data-id=\"3776_269 \"   >\n<div class=\"tpgb-empty-space tpgb-block-5265_269 \"><\/div>\n\n<div  class=\"tpgb-container-row tpgb-block-9938_269    alignfull   tpgb-container-full \" data-id=\"9938_269 \"   ><div class=\"tpgb-top-layer\"><\/div>\n<div class=\"tpgb-container-col tpgb-block-2625_269 \" data-id=\"2625_269\"  ><\/div>\n\n<div class=\"tpgb-container-col tpgb-block-554d_269 \" data-id=\"554d_269\"  >\n\n<h3 class=\"wp-block-tpgb-tp-heading tp-core-heading tpgb-block-927e_269\">matem\u00e1tica<\/h3>\n\n\n\n<div class=\"tpgb-pro-paragraph tpgb-block-2322_269\"><h3 class=\"pro-heading-inner\">na UTFPR <mark style=\"background-color:rgba(0, 0, 0, 0);color:#fcb900\" class=\"has-inline-color\">Guarapuava<\/mark><\/h3><div class=\"pro-paragraph-inner\"><p>  A Matem\u00e1tica garante uma base s\u00f3lida em racioc\u00ednio l\u00f3gico e ferramentas quantitativas essenciais para o perfil tecnol\u00f3gico da UTFPR. Al\u00e9m das aulas regulares, os professores frequentemente desenvolvem projetos de ensino como aprendizagem baseada em problemas reais, grupos de estudo e iniciativas de monitoria, contribuindo tamb\u00e9m para a pesquisa aplicada e a extens\u00e3o universit\u00e1ria.<\/p><\/div><\/div>\n\n<\/div>\n<\/div>\n<\/div>\n\n\n<div class=\"professor-filter-section\" style=\"background-image: url('https:\/\/daext.gp.utfpr.edu.br\/wp-content\/uploads\/2026\/04\/abstract_darkened.jpg');\">\n    <h2 style=\"text-align: center; margin-bottom: 20px; color: #ffffff; font-family: Arial, sans-serif; font-size: 32px;\">Nossos Professores<\/h2>\n    <p style=\"text-align: center; margin-bottom: 40px; color: #ffffff; font-family: Arial, sans-serif; font-size: 18px;\">Clique em uma \u00e1rea para filtrar os perfis<\/p>\n\n    <div id=\"filter-buttons\" style=\"display: flex; flex-wrap: wrap; gap: 12px; justify-content: center; margin-bottom: 50px; min-height: 50px;\"><\/div>\n\n    <div id=\"resume-grid\" class=\"resume-grid\">\n\n<div class=\"resume-card hover-card\" data-tags=\"\u00c1lgebra\">\n<div class=\"hover-card\">\n    <!-- Front Side -->\n    <div class=\"card-front\">\n        <img decoding=\"async\" src=\"https:\/\/daext.gp.utfpr.edu.br\/wp-content\/uploads\/2026\/03\/bruno-150x150.jpg\" \n             alt=\"Featured Image\" \n             class=\"card-image\">\n        \n        <h2 class=\"card-heading\">Bruno Leonardo Macedo Ferreira<\/h2>\n        <p class=\"card-text\">Doutor em Matem\u00e1tica<\/p>\n    <\/div>\n\n    <!-- Back Side -->\n    <div class=\"card-back\">\n        <div class=\"tags\">\n            <span class=\"tag\">Matem\u00e1tica<\/span>\n            <span class=\"tag\">\u00c1lgebra n\u00e3o Associativa<\/span>\n        <\/div>\n        \n        <h2 class=\"card-heading\">Sobre<\/h2>\n        <p class=\"card-text\">Doutor em Matem\u00e1tica (USP, 2013). Professor adjunto da UTFPR e docente permanente do PPG-Matem\u00e1tica da UFABC. Atua em \u00e1lgebra, especialmente em \u00e1lgebras n\u00e3o associativas e na caracteriza\u00e7\u00e3o de aplica\u00e7\u00f5es em estruturas associativas e n\u00e3o associativas<\/p>\n        \n        <a href=\"http:\/\/lattes.cnpq.br\/2604194329814838\" class=\"icon-button\" aria-label=\"Social Profile\">\n            <img decoding=\"async\" src=\"https:\/\/daext.gp.utfpr.edu.br\/wp-content\/uploads\/2026\/03\/cnpqtransparent-1.png\" style=\"width:42px;height:42px;\" \n                 alt=\"Social Icon\" \n                 class=\"social-icon\">\n        <\/a>\n    <\/div>\n<\/div>\n<\/div>\n\n<div class=\"resume-card hover-card\" data-tags=\"\u00c1lgebra\">\n<div class=\"hover-card\">\n    <!-- Front Side -->\n    <div class=\"card-front\">\n        <img decoding=\"async\" src=\"https:\/\/daext.gp.utfpr.edu.br\/wp-content\/uploads\/2026\/03\/vecteezy_simple-user-default-icon_24983914-150x150.png\" \n             alt=\"Featured Image\" \n             class=\"card-image\">\n        \n        <h2 class=\"card-heading\">Ruth Nascimento Ferreira<\/h2>\n        <p class=\"card-text\">Doutora em Matem\u00e1tica<\/p>\n    <\/div>\n\n    <!-- Back Side -->\n    <div class=\"card-back\">\n        <div class=\"tags\">\n            <span class=\"tag\">Matem\u00e1tica<\/span>\n            <span class=\"tag\">\u00c1lgebra n\u00e3o Associativa<\/span>\n        <\/div>\n        \n        <h2 class=\"card-heading\">Sobre<\/h2>\n        <p class=\"card-text\">Doutora em Matem\u00e1tica (USP, 2014). Professora adjunta da UTFPR. Atua em \u00e1lgebra (an\u00e9is e \u00e1lgebras), com trabalhos em deriva\u00e7\u00e3o de Jordan e estruturas associativas\/n\u00e3o associativas.<\/p>\n        \n        <a href=\"http:\/\/lattes.cnpq.br\/9126621778438767\" class=\"icon-button\" aria-label=\"Social Profile\">\n            <img decoding=\"async\" src=\"https:\/\/daext.gp.utfpr.edu.br\/wp-content\/uploads\/2026\/03\/cnpqtransparent-1.png\" style=\"width:42px;height:42px;\" \n                 alt=\"Social Icon\" \n                 class=\"social-icon\">\n        <\/a>\n    <\/div>\n<\/div>\n<\/div>\n\n<div class=\"resume-card hover-card\" data-tags=\"Sistemas Din\u00e2micos\">\n<div class=\"hover-card\">\n    <!-- Front Side -->\n    <div class=\"card-front\">\n        <img decoding=\"async\" src=\"https:\/\/daext.gp.utfpr.edu.br\/wp-content\/uploads\/2026\/03\/vecteezy_simple-user-default-icon_24983914-150x150.png\" \n             alt=\"Featured Image\" \n             class=\"card-image\">\n        \n        <h2 class=\"card-heading\">Juliano dos Santos Gonschorowski<\/h2>\n        <p class=\"card-text\">Doutor em Matem\u00e1tica<\/p>\n    <\/div>\n\n    <!-- Back Side -->\n    <div class=\"card-back\">\n        <div class=\"tags\">\n            <span class=\"tag\">Matem\u00e1tica<\/span>\n            <span class=\"tag\">Din\u00e2mica Simb\u00f3lica<\/span>\n            <span class=\"tag\">Otimiza\u00e7\u00e3o Erg\u00f3diga<\/span>\n        <\/div>\n        \n        <h2 class=\"card-heading\">Sobre<\/h2>\n        <p class=\"card-text\">Doutor em Matem\u00e1tica Aplicada (USP, 2012). Professor da UTFPR. Pesquisa em sistemas din\u00e2micos, com foco em otimiza\u00e7\u00e3o erg\u00f3dica e din\u00e2mica simb\u00f3lica.<\/p>\n        \n        <a href=\"http:\/\/lattes.cnpq.br\/5333001903467068\" class=\"icon-button\" aria-label=\"Social Profile\">\n            <img decoding=\"async\" src=\"https:\/\/daext.gp.utfpr.edu.br\/wp-content\/uploads\/2026\/03\/cnpqtransparent-1.png\" style=\"width:42px;height:42px;\" \n                 alt=\"Social Icon\" \n                 class=\"social-icon\">\n        <\/a>\n    <\/div>\n<\/div>\n<\/div>\n\n<div class=\"resume-card hover-card\" data-tags=\"\">\n<div class=\"hover-card\">\n    <!-- Front Side -->\n    <div class=\"card-front\">\n        <img decoding=\"async\" src=\"https:\/\/daext.gp.utfpr.edu.br\/wp-content\/uploads\/2026\/03\/vecteezy_simple-user-default-icon_24983914-150x150.png\" \n             alt=\"Featured Image\" \n             class=\"card-image\">\n        \n        <h2 class=\"card-heading\">Michel Teston Semensato<\/h2>\n        <p class=\"card-text\">Doutor em Matem\u00e1tica<\/p>\n    <\/div>\n\n    <!-- Back Side -->\n    <div class=\"card-back\">\n        <div class=\"tags\">\n            <span class=\"tag\">Matem\u00e1tica<\/span>\n            <span class=\"tag\">Did\u00e1tica de Nivelamento<\/span>\n        <\/div>\n        \n        <h2 class=\"card-heading\">Sobre<\/h2>\n        <p class=\"card-text\">Doutor em Ensino de Ci\u00eancia e Tecnologia (UTFPR, 2023) e Mestre em Matem\u00e1tica (UEM, 2010). Professor da UTFPR\u2013Guarapuava; interesses em ensino de matem\u00e1tica e materiais did\u00e1ticos para nivelamento.<\/p>\n        \n        <a href=\"http:\/\/lattes.cnpq.br\/8104299456383213\" class=\"icon-button\" aria-label=\"Social Profile\">\n            <img decoding=\"async\" src=\"https:\/\/daext.gp.utfpr.edu.br\/wp-content\/uploads\/2026\/03\/cnpqtransparent-1.png\" style=\"width:42px;height:42px;\" \n                 alt=\"Social Icon\" \n                 class=\"social-icon\">\n        <\/a>\n    <\/div>\n<\/div>\n<\/div>\n\n<div class=\"resume-card hover-card\" data-tags=\"C\u00e1lculo Num\u00e9rico\">\n<div class=\"hover-card\">\n    <!-- Front Side -->\n    <div class=\"card-front\">\n        <img decoding=\"async\" src=\"https:\/\/daext.gp.utfpr.edu.br\/wp-content\/uploads\/2026\/03\/flavia-150x150.jpg\" \n             alt=\"Featured Image\" \n             class=\"card-image\">\n        \n        <h2 class=\"card-heading\">Fl\u00e1via Konowalenko<\/h2>\n        <p class=\"card-text\">Doutora em Matem\u00e1tica<\/p>\n    <\/div>\n\n    <!-- Back Side -->\n    <div class=\"card-back\">\n        <div class=\"tags\">\n            <span class=\"tag\">Matem\u00e1tica<\/span>\n            <span class=\"tag\">C\u00e1lculo Num\u00e9rico<\/span>\n            <span class=\"tag\">Otimiza\u00e7\u00e3o de Rotas<\/span>\n        <\/div>\n        \n        <h2 class=\"card-heading\">Sobre<\/h2>\n        <p class=\"card-text\">Doutora em Engenharia El\u00e9trica e Inform\u00e1tica Industrial (UTFPR, 2019). Professora da UTFPR\u2013Guarapuava. Trabalha com m\u00e9todos num\u00e9ricos e Pesquisa Operacional aplicados a otimiza\u00e7\u00e3o, incluindo problemas de rotas e sequenciamento.<\/p>\n        \n        <a href=\"http:\/\/lattes.cnpq.br\/2890585993936615\" class=\"icon-button\" aria-label=\"Social Profile\">\n            <img decoding=\"async\" src=\"https:\/\/daext.gp.utfpr.edu.br\/wp-content\/uploads\/2026\/03\/cnpqtransparent-1.png\" style=\"width:42px;height:42px;\" \n                 alt=\"Social Icon\" \n                 class=\"social-icon\">\n        <\/a>\n    <\/div>\n<\/div>\n<\/div>\n\n<div class=\"resume-card hover-card\" data-tags=\"C\u00e1lculo Num\u00e9rico\">\n<div class=\"hover-card\">\n    <!-- Front Side -->\n    <div class=\"card-front\">\n        <img decoding=\"async\" src=\"https:\/\/daext.gp.utfpr.edu.br\/wp-content\/uploads\/2026\/03\/thalita-150x150.jpg\" \n             alt=\"Featured Image\" \n             class=\"card-image\">\n        \n        <h2 class=\"card-heading\">Thalita Monteiro Obal<\/h2>\n        <p class=\"card-text\">Doutora em Matem\u00e1tica<\/p>\n    <\/div>\n\n    <!-- Back Side -->\n    <div class=\"card-back\">\n        <div class=\"tags\">\n            <span class=\"tag\">Matem\u00e1tica<\/span>\n            <span class=\"tag\">Otimiza\u00e7\u00e3o Aplicada<\/span>\n        <\/div>\n        \n        <h2 class=\"card-heading\">Sobre<\/h2>\n        <p class=\"card-text\">Doutora em M\u00e9todos Num\u00e9ricos em Engenharia (UFPR, 2016). Professora da UTFPR e docente do PPGIT. Pesquisa em Pesquisa Operacional e otimiza\u00e7\u00e3o aplicada (manuten\u00e7\u00e3o, civil, sa\u00fade e sustentabilidade).<\/p>\n        \n        <a href=\"http:\/\/lattes.cnpq.br\/7574246674522809\" class=\"icon-button\" aria-label=\"Social Profile\">\n            <img decoding=\"async\" src=\"https:\/\/daext.gp.utfpr.edu.br\/wp-content\/uploads\/2026\/03\/cnpqtransparent-1.png\" style=\"width:42px;height:42px;\" \n                 alt=\"Social Icon\" \n                 class=\"social-icon\">\n        <\/a>\n    <\/div>\n<\/div>\n<\/div>\n\n<div class=\"resume-card hover-card\" data-tags=\"\u00c1lgebra\">\n<div class=\"hover-card\">\n    <!-- Front Side -->\n    <div class=\"card-front\">\n        <img decoding=\"async\" src=\"https:\/\/daext.gp.utfpr.edu.br\/wp-content\/uploads\/2026\/03\/thiago-150x150.jpg\" \n             alt=\"Featured Image\" \n             class=\"card-image\">\n        \n        <h2 class=\"card-heading\">Thiago Henrique de Freitas<\/h2>\n        <p class=\"card-text\">Doutor em Matem\u00e1tica<\/p>\n    <\/div>\n\n    <!-- Back Side -->\n    <div class=\"card-back\">\n        <div class=\"tags\">\n            <span class=\"tag\">Matem\u00e1tica<\/span>\n            <span class=\"tag\">\u00c1lgebra Homol\u00f3gica<\/span>\n            <span class=\"tag\">Geometria Alg\u00e9brica<\/span>\n        <\/div>\n        \n        <h2 class=\"card-heading\">Sobre<\/h2>\n        <p class=\"card-text\">Doutor em Matem\u00e1tica (USP, 2015) e p\u00f3s-doutorado (USP, 2021\u20132022). Professor adjunto da UTFPR. Atua em \u00c1lgebra Comutativa, \u00c1lgebra Homol\u00f3gica e conex\u00f5es com Geometria Alg\u00e9brica (Ext\/Tor, dimens\u00f5es homol\u00f3gicas, m\u00f3dulos e an\u00e9is produto fibra).<\/p>\n        \n        <a href=\"http:\/\/lattes.cnpq.br\/6423134946889272\" class=\"icon-button\" aria-label=\"Social Profile\">\n            <img decoding=\"async\" src=\"https:\/\/daext.gp.utfpr.edu.br\/wp-content\/uploads\/2026\/03\/cnpqtransparent-1.png\" style=\"width:42px;height:42px;\" \n                 alt=\"Social Icon\" \n                 class=\"social-icon\">\n        <\/a>\n    <\/div>\n<\/div>\n<\/div>\n\n<div class=\"resume-card hover-card\" data-tags=\"\">\n<div class=\"hover-card\">\n    <!-- Front Side -->\n    <div class=\"card-front\">\n        <img decoding=\"async\" src=\"https:\/\/daext.gp.utfpr.edu.br\/wp-content\/uploads\/2026\/03\/alex-150x150.jpg\" \n             alt=\"Featured Image\" \n             class=\"card-image\">\n        \n        <h2 class=\"card-heading\">Alex Sandro de Castilho<\/h2>\n        <p class=\"card-text\">Doutor em Matem\u00e1tica<\/p>\n    <\/div>\n\n    <!-- Back Side -->\n    <div class=\"card-back\">\n        <div class=\"tags\">\n            <span class=\"tag\">Matem\u00e1tica<\/span>\n            <span class=\"tag\">Objetos de Aprendizagem<\/span>\n        <\/div>\n        \n        <h2 class=\"card-heading\">Sobre<\/h2>\n        <p class=\"card-text\">Doutor em Ensino de Ci\u00eancia e Tecnologia (UTFPR, 2024). Professor do magist\u00e9rio superior na UTFPR\u2013Guarapuava. Atua em Matem\u00e1tica Aplicada e em ensino de C\u00e1lculo, com interesse em TDIC, objetos de aprendizagem e feedbacks para autorregula\u00e7\u00e3o da aprendizagem.<\/p>\n        \n        <a href=\"http:\/\/lattes.cnpq.br\/0971381050120580\" class=\"icon-button\" aria-label=\"Social Profile\">\n            <img decoding=\"async\" src=\"https:\/\/daext.gp.utfpr.edu.br\/wp-content\/uploads\/2026\/03\/cnpqtransparent-1.png\" style=\"width:42px;height:42px;\" \n                 alt=\"Social Icon\" \n                 class=\"social-icon\">\n        <\/a>\n    <\/div>\n<\/div>\n<\/div>\n\n<div class=\"resume-card hover-card\" data-tags=\"Geometria\">\n<div class=\"hover-card\">\n    <!-- Front Side -->\n    <div class=\"card-front\">\n        <img decoding=\"async\" src=\"https:\/\/daext.gp.utfpr.edu.br\/wp-content\/uploads\/2026\/03\/aura-150x150.jpg\" \n             alt=\"Featured Image\" \n             class=\"card-image\">\n        \n        <h2 class=\"card-heading\">Aura Rosa Belzarez Guedez<\/h2>\n        <p class=\"card-text\">Doutora em Matem\u00e1tica<\/p>\n    <\/div>\n\n    <!-- Back Side -->\n    <div class=\"card-back\">\n        <div class=\"tags\">\n            <span class=\"tag\">Matem\u00e1tica<\/span>\n            <span class=\"tag\">C*-\u00c1lgebra<\/span>\n            <span class=\"tag\">Geometria<\/span>\n        <\/div>\n        \n        <h2 class=\"card-heading\">Sobre<\/h2>\n        <p class=\"card-text\">Doutora em Matem\u00e1tica (UFPR, 2018) e professora adjunta da UTFPR\u2013Guarapuava. Pesquisa em Geometria e Topologia, com \u00eanfase na geometria das geod\u00e9sicas e em conex\u00f5es com C*-\u00e1lgebras.<\/p>\n        \n        <a href=\"http:\/\/lattes.cnpq.br\/7505752300228002\" class=\"icon-button\" aria-label=\"Social Profile\">\n            <img decoding=\"async\" src=\"https:\/\/daext.gp.utfpr.edu.br\/wp-content\/uploads\/2026\/03\/cnpqtransparent-1.png\" style=\"width:42px;height:42px;\" \n                 alt=\"Social Icon\" \n                 class=\"social-icon\">\n        <\/a>\n    <\/div>\n<\/div>\n<\/div>\n\n\n\n        <!add here>\n\n    <\/div>\n<\/div>\n\n<style>\n.professor-filter-section {\n    background-size: cover;\n    background-position: center;\n    background-attachment: fixed;\n    padding: 80px 0;\n    position: relative;\n    overflow: hidden;\n}\n\n.resume-grid {\n    display: grid;\n    grid-template-columns: repeat(auto-fit, minmax(360px, 1fr));\n    gap: 35px;\n}\n\n.resume-card {\n    width: 100%;\n    height: 460px;\n}\n\n.resume-card.hidden {\n    opacity: 0;\n    transform: scale(0.92);\n    pointer-events: none;\n    height: 0 !important;\n    margin: 0 !important;\n    overflow: hidden;\n}\n\n#filter-buttons .filter-btn {\n    padding: 12px 26px;\n    border: none;\n    border-radius: 50px;\n    background: #f1f3f5;\n    color: #333;\n    font-size: 16px;\n    font-weight: 600;\n    cursor: pointer;\n    transition: all 0.4s ease;\n}\n\n#filter-buttons .filter-btn:hover {\n    background: #e0e4e8;\n}\n\n#filter-buttons .filter-btn.active {\n    background: #F2AF1F;\n    color: white;\n}\n<\/style>\n\n<script>\n(function() {\n    function initProfessorFilter() {\n        const grid = document.getElementById('resume-grid');\n        if (!grid) return;\n\n        const cards = grid.querySelectorAll('.resume-card');\n        const filterContainer = document.getElementById('filter-buttons');\n        if (!filterContainer) return;\n\n        \/\/ Collect unique tags\n        const allTags = new Set();\n        cards.forEach(card => {\n            const tagsStr = card.getAttribute('data-tags');\n            if (tagsStr) {\n                tagsStr.split(',').forEach(tag => {\n                    const cleanTag = tag.trim().toLowerCase();\n                    if (cleanTag) allTags.add(cleanTag);\n                });\n            }\n        });\n\n        \/\/ Clear container first\n        filterContainer.innerHTML = '';\n\n        \/\/ \"All\" button\n        const allBtn = document.createElement('button');\n        allBtn.className = 'filter-btn active';\n        allBtn.dataset.filter = 'all';\n        allBtn.textContent = 'Todos os Professores';\n        filterContainer.appendChild(allBtn);\n\n        \/\/ Tag buttons\n        allTags.forEach(tag => {\n            const btn = document.createElement('button');\n            btn.className = 'filter-btn';\n            btn.dataset.filter = tag;\n            btn.textContent = tag.charAt(0).toUpperCase() + tag.slice(1);\n            filterContainer.appendChild(btn);\n        });\n\n        \/\/ Filter function\n        function filterCards(selected) {\n            cards.forEach(card => {\n                if (selected === 'all') {\n                    card.classList.remove('hidden');\n                    return;\n                }\n                const cardTags = card.getAttribute('data-tags') \n                    ? card.getAttribute('data-tags').split(',').map(t => t.trim().toLowerCase()) \n                    : [];\n                if (cardTags.includes(selected)) {\n                    card.classList.remove('hidden');\n                } else {\n                    card.classList.add('hidden');\n                }\n            });\n        }\n\n        filterContainer.addEventListener('click', function (e) {\n            if (e.target.tagName === 'BUTTON' && e.target.classList.contains('filter-btn')) {\n                document.querySelectorAll('#filter-buttons .filter-btn').forEach(b => b.classList.remove('active'));\n                e.target.classList.add('active');\n                filterCards(e.target.dataset.filter);\n            }\n        });\n\n        \/\/ Show all cards initially\n        cards.forEach(card => card.classList.remove('hidden'));\n    }\n\n    if (document.readyState === 'loading') {\n        document.addEventListener('DOMContentLoaded', initProfessorFilter);\n    } else {\n        initProfessorFilter();\n    }\n})();\n<\/script>\n","protected":false},"excerpt":{"rendered":"<p>Nossos Professores Clique em uma \u00e1rea para filtrar os perfis Bruno Leonardo Macedo Ferreira Doutor em Matem\u00e1tica Matem\u00e1tica \u00c1lgebra n\u00e3o Associativa Sobre Doutor em Matem\u00e1tica (USP, 2013). Professor adjunto da UTFPR e docente permanente do PPG-Matem\u00e1tica da UFABC. Atua em \u00e1lgebra, especialmente em \u00e1lgebras n\u00e3o associativas e na caracteriza\u00e7\u00e3o de aplica\u00e7\u00f5es em estruturas associativas e [&hellip;]<\/p>\n","protected":false},"author":2,"featured_media":0,"parent":0,"menu_order":0,"comment_status":"closed","ping_status":"closed","template":"","meta":{"_acf_changed":false,"tpgb_global_settings":"","_uag_custom_page_level_css":"","footnotes":""},"class_list":["post-269","page","type-page","status-publish","hentry"],"acf":[],"tpgb_featured_images":null,"tpgb_post_meta_info":{"get_date":"17 de mar\u00e7o de 2026","get_modified_date":"16 de abril de 2026","author_name":"daext guarapuava","author_url":"https:\/\/daext.gp.utfpr.edu.br\/?author=2","author_email":"daext-gp@utfpr.edu.br","author_website":"http:\/\/daext.gp.utfp.edu.br","author_description":"","author_facebook":"","author_twitter":"","author_instagram":"","author_role":["administrator"],"author_firstname":"daext","author_lastname":"guarapuava","user_login":"daext","author_avatar":"<img alt='' src='https:\/\/secure.gravatar.com\/avatar\/19401c2afd4e095d6e2b86539641edb4559f0aad8bc6091c8414a7c586528eb5?s=200&#038;d=mm&#038;r=g' srcset='https:\/\/secure.gravatar.com\/avatar\/19401c2afd4e095d6e2b86539641edb4559f0aad8bc6091c8414a7c586528eb5?s=400&#038;d=mm&#038;r=g 2x' class='avatar avatar-200 photo' height='200' width='200' loading='lazy' decoding='async'\/>","author_avatar_url":"https:\/\/secure.gravatar.com\/avatar\/19401c2afd4e095d6e2b86539641edb4559f0aad8bc6091c8414a7c586528eb5?s=96&d=mm&r=g","comment_count":0,"post_likes":0,"post_views":0},"tpgb_post_category":[],"uagb_featured_image_src":{"full":false,"thumbnail":false,"medium":false,"medium_large":false,"large":false,"1536x1536":false,"2048x2048":false,"tp-image-grid":false},"uagb_author_info":{"display_name":"daext guarapuava","author_link":"https:\/\/daext.gp.utfpr.edu.br\/?author=2"},"uagb_comment_info":0,"uagb_excerpt":"Nossos Professores Clique em uma \u00e1rea para filtrar os perfis Bruno Leonardo Macedo Ferreira Doutor em Matem\u00e1tica Matem\u00e1tica \u00c1lgebra n\u00e3o Associativa Sobre Doutor em Matem\u00e1tica (USP, 2013). Professor adjunto da UTFPR e docente permanente do PPG-Matem\u00e1tica da UFABC. Atua em \u00e1lgebra, especialmente em \u00e1lgebras n\u00e3o associativas e na caracteriza\u00e7\u00e3o de aplica\u00e7\u00f5es em estruturas associativas e&hellip;","_links":{"self":[{"href":"https:\/\/daext.gp.utfpr.edu.br\/index.php?rest_route=\/wp\/v2\/pages\/269","targetHints":{"allow":["GET"]}}],"collection":[{"href":"https:\/\/daext.gp.utfpr.edu.br\/index.php?rest_route=\/wp\/v2\/pages"}],"about":[{"href":"https:\/\/daext.gp.utfpr.edu.br\/index.php?rest_route=\/wp\/v2\/types\/page"}],"author":[{"embeddable":true,"href":"https:\/\/daext.gp.utfpr.edu.br\/index.php?rest_route=\/wp\/v2\/users\/2"}],"replies":[{"embeddable":true,"href":"https:\/\/daext.gp.utfpr.edu.br\/index.php?rest_route=%2Fwp%2Fv2%2Fcomments&post=269"}],"version-history":[{"count":37,"href":"https:\/\/daext.gp.utfpr.edu.br\/index.php?rest_route=\/wp\/v2\/pages\/269\/revisions"}],"predecessor-version":[{"id":646,"href":"https:\/\/daext.gp.utfpr.edu.br\/index.php?rest_route=\/wp\/v2\/pages\/269\/revisions\/646"}],"wp:attachment":[{"href":"https:\/\/daext.gp.utfpr.edu.br\/index.php?rest_route=%2Fwp%2Fv2%2Fmedia&parent=269"}],"curies":[{"name":"wp","href":"https:\/\/api.w.org\/{rel}","templated":true}]}}